{"id":47,"date":"2022-02-09T11:51:54","date_gmt":"2022-02-09T10:51:54","guid":{"rendered":"https:\/\/pompesfunebrestoulon.com\/?page_id=47"},"modified":"2024-02-17T19:26:14","modified_gmt":"2024-02-17T18:26:14","slug":"obtenir-un-devis","status":"publish","type":"page","link":"https:\/\/pompesfunebrestoulon.com\/la-valette\/obtenir-un-devis\/","title":{"rendered":"Devis obs\u00e8ques"},"content":{"rendered":"\n    \n    <section class=\"u-clearfix u-grey-5 u-section-2\" id=\"sec-dd45\">\n      <div class=\"u-clearfix u-sheet u-sheet-1\">\n        <p class=\"u-text u-text-default u-text-1\"> compl\u00e9tez ce formulaire un devis vous sera tr\u00e8s rapidement propos\u00e9.<\/p>\n        <div class=\"u-align-center u-form u-form-checks-spacing-0 u-form-1\">\n                  <script>\n            function onSuccess(event) {\n                if (typeof window.serviceRequest !== 'undefined') {\n                    window.serviceRequest(jQuery(this).find('form'));\n                }\n                var msgContainer = jQuery(event.currentTarget).find('.wpcf7-response-output');\n                msgContainer.removeClass('u-form-send-error').addClass('u-form-send-message u-form-send-success');\n                msgContainer.show();\n                var redirectAddress = jQuery(event.currentTarget).find('[redirect-address]').attr('redirect-address');\n                if (redirectAddress) {\n                    setTimeout(function () {\n                        location.replace(redirectAddress);\n                    }, 2000);\n                }\n            }\n            function onError(event) {\n                var msgContainer = jQuery(event.currentTarget).find('.wpcf7-response-output');\n                msgContainer.removeClass('u-form-send-success').addClass('u-form-send-message u-form-send-error');\n                msgContainer.show();\n            }\n\n            jQuery('body')\n                .on('wpcf7mailsent',   '.u-form .wpcf7', onSuccess)\n                .on('wpcf7invalid',    '.u-form .wpcf7', onError)\n                .on('wpcf7:unaccepted', '.u-form .wpcf7', onError)\n                .on('wpcf7spam',       '.u-form .wpcf7', onError)\n                .on('wpcf7:aborted',    '.u-form .wpcf7', onError)\n                .on('wpcf7mailfailed', '.u-form .wpcf7', onError);\n        <\/script>\n        <style>\n            .u-form .wpcf7-response-output {\n                \/*position: relative !important;*\/\n                margin: 0 !important;\n                bottom: -70px!important;\n            }\n            .u-form .wpcf7 .ajax-loader {\n                margin-left: -24px;\n                margin-right: 0;\n            }\n        <\/style>\n\n<div class=\"wpcf7 no-js\" id=\"wpcf7-f200-o1\" lang=\"fr-FR\" dir=\"ltr\" data-wpcf7-id=\"200\">\n<div class=\"screen-reader-response\"><p role=\"status\" aria-live=\"polite\" aria-atomic=\"true\"><\/p> <ul><\/ul><\/div>\n<form style=\"padding: 10px;\" action=\"\/la-valette\/wp-json\/wp\/v2\/pages\/47#wpcf7-f200-o1\" method=\"post\" class=\"wpcf7-form init u-clearfix u-form-spacing-10 u-form-vertical u-inner-form u-form-custom-backend\" aria-label=\"Formulaire de contact\" enctype=\"multipart\/form-data\" novalidate=\"novalidate\" data-status=\"init\">\n<fieldset class=\"hidden-fields-container\"><input type=\"hidden\" name=\"_wpcf7\" value=\"200\" \/><input type=\"hidden\" name=\"_wpcf7_version\" value=\"6.1.5\" \/><input type=\"hidden\" name=\"_wpcf7_locale\" value=\"fr_FR\" \/><input type=\"hidden\" name=\"_wpcf7_unit_tag\" value=\"wpcf7-f200-o1\" \/><input type=\"hidden\" name=\"_wpcf7_container_post\" value=\"0\" \/><input type=\"hidden\" name=\"_wpcf7_posted_data_hash\" value=\"\" \/>\n<\/fieldset>\n\n            <div class=\"u-form-group wpcf7-form-control-wrap u-form-input-layout-vertical u-form-partition-factor-3 u-form-select u-label-top u-form-group wpcf7-form-control-wrap-1\">\n              <label for=\"select-eef5\" class=\"u-label u-label-1\">Vous souhaitez un devis pour : *<\/label>\n              <div class=\"u-form-select-wrapper\">\n                <select id=\"select-eef5\" name=\"liste_1\" class=\"u-input wpcf7-form-control u-input-rectangle\" size=\"4\" required=\"required\">\n                  <option value=\"Un d\u00e9c\u00e8s\" data-calc=\"\" selected=\"selected\">Un d\u00e9c\u00e8s<\/option>\n                  <option value=\"Admission en chambre fun\u00e9raire\" data-calc=\"\">Admission en chambre fun\u00e9raire<\/option>\n                  <option value=\"Pr\u00e9voyance fun\u00e9raire\" data-calc=\"\">Pr\u00e9voyance fun\u00e9raire<\/option>\n                  <option value=\"Autre\" data-calc=\"\">Autre<\/option>\n                <\/select>\n                <svg class=\"u-caret u-caret-svg\" version=\"1.1\" id=\"Layer_1\" xmlns=\"http:\/\/www.w3.org\/2000\/svg\" xmlns:xlink=\"http:\/\/www.w3.org\/1999\/xlink\" x=\"0px\" y=\"0px\" width=\"16px\" height=\"16px\" viewBox=\"0 0 16 16\" style=\"fill:currentColor;\" xml:space=\"preserve\"><polygon class=\"st0\" points=\"8,12 2,4 14,4 \"><\/polygon><\/svg>\n              <\/div>\n            <\/div>\n            <div class=\"u-form-group wpcf7-form-control-wrap u-form-input-layout-vertical u-form-partition-factor-3 u-form-select u-label-top u-form-group wpcf7-form-control-wrap-2\">\n              <label for=\"select-5f8b\" class=\"u-label u-label-2\">Votre demande concerne *<\/label>\n              <div class=\"u-form-select-wrapper\">\n                <select id=\"select-5f8b\" name=\"liste_2\" class=\"u-input wpcf7-form-control u-input-rectangle\" size=\"4\" required=\"required\">\n                  <option value=\"Une inhumation\" data-calc=\"\" selected=\"selected\">Une inhumation<\/option>\n                  <option value=\"Une cr\u00e9mation\" data-calc=\"\">Une cr\u00e9mation<\/option>\n                  <option value=\"Transport\" data-calc=\"\">Transport<\/option>\n                  <option value=\"Autre\" data-calc=\"\">Autre<\/option>\n                <\/select>\n                <svg class=\"u-caret u-caret-svg\" version=\"1.1\" id=\"Layer_1\" xmlns=\"http:\/\/www.w3.org\/2000\/svg\" xmlns:xlink=\"http:\/\/www.w3.org\/1999\/xlink\" x=\"0px\" y=\"0px\" width=\"16px\" height=\"16px\" viewBox=\"0 0 16 16\" style=\"fill:currentColor;\" xml:space=\"preserve\"><polygon class=\"st0\" points=\"8,12 2,4 14,4 \"><\/polygon><\/svg>\n              <\/div>\n            <\/div>\n            <div class=\"u-form-group wpcf7-form-control-wrap u-form-input-layout-vertical u-form-partition-factor-3 u-form-select u-label-top u-form-group wpcf7-form-control-wrap-3\">\n              <label for=\"select-3fa9\" class=\"u-label u-label-3\">Lieu du d\u00e9c\u00e8s : *<\/label>\n              <div class=\"u-form-select-wrapper\">\n                <select id=\"select-3fa9\" name=\"liste_3\" class=\"u-input wpcf7-form-control u-input-rectangle\" size=\"4\" required=\"required\">\n                  <option value=\"Domicile\" data-calc=\"\" selected=\"selected\">Domicile<\/option>\n                  <option value=\"H\u00f4pital\" data-calc=\"\">H\u00f4pital<\/option>\n                  <option value=\"EHPAD\" data-calc=\"\">EHPAD<\/option>\n                  <option value=\"Autre\" data-calc=\"\">Autre<\/option>\n                <\/select>\n                <svg class=\"u-caret u-caret-svg\" version=\"1.1\" id=\"Layer_1\" xmlns=\"http:\/\/www.w3.org\/2000\/svg\" xmlns:xlink=\"http:\/\/www.w3.org\/1999\/xlink\" x=\"0px\" y=\"0px\" width=\"16px\" height=\"16px\" viewBox=\"0 0 16 16\" style=\"fill:currentColor;\" xml:space=\"preserve\"><polygon class=\"st0\" points=\"8,12 2,4 14,4 \"><\/polygon><\/svg>\n              <\/div>\n            <\/div>\n            <p class=\"u-form-group wpcf7-form-control-wrap u-form-text u-label-top u-text u-text-2\"> La personne concern\u00e9e<\/p>\n            <div class=\"u-form-group wpcf7-form-control-wrap u-form-partition-factor-3 u-form-select u-label-top u-form-group wpcf7-form-control-wrap-5\">\n              <label for=\"select-6efc\" class=\"u-label u-label-4\"><b>Civilit\u00e9<\/b>\n              <\/label>\n              <div class=\"u-form-select-wrapper\">\n                <select id=\"select-6efc\" name=\"civil_1\" class=\"u-input wpcf7-form-control u-input-rectangle\">\n                  <option value=\"Mme\" data-calc=\"\">Mme<\/option>\n                  <option value=\"Mr\" data-calc=\"\">Mr<\/option>\n                <\/select>\n                <svg class=\"u-caret u-caret-svg\" version=\"1.1\" id=\"Layer_1\" xmlns=\"http:\/\/www.w3.org\/2000\/svg\" xmlns:xlink=\"http:\/\/www.w3.org\/1999\/xlink\" x=\"0px\" y=\"0px\" width=\"16px\" height=\"16px\" viewBox=\"0 0 16 16\" style=\"fill:currentColor;\" xml:space=\"preserve\"><polygon class=\"st0\" points=\"8,12 2,4 14,4 \"><\/polygon><\/svg>\n              <\/div>\n            <\/div>\n            <div class=\"u-form-group wpcf7-form-control-wrap u-form-name u-form-partition-factor-3 u-label-top\">\n              <label for=\"name-7d6c\" class=\"u-label u-label-5\"><b>Nom *<\/b>\n              <\/label>\n              <input type=\"text\" placeholder=\"Saisir votre nom\" id=\"name-7d6c\" name=\"defunt\" class=\"u-input wpcf7-form-control u-input-rectangle\" required=\"\">\n            <\/div>\n            <div class=\"u-form-group wpcf7-form-control-wrap u-form-partition-factor-3 u-label-top u-form-group wpcf7-form-control-wrap-7\">\n              <label for=\"text-21d7\" class=\"u-label u-label-6\"><b>Pr\u00e9nom *<\/b>\n              <\/label>\n              <input type=\"text\" placeholder=\"\" id=\"text-21d7\" name=\"defunt_p\" class=\"u-input wpcf7-form-control u-input-rectangle\" required=\"required\">\n            <\/div>\n            <div class=\"u-form-group wpcf7-form-control-wrap u-form-message u-label-top\">\n              <label for=\"message-7d6c\" class=\"u-label u-label-7\"><b>Donnez nous quelques souhaits ?  *<\/b>\n              <\/label>\n              <textarea placeholder=\"\u200b\" rows=\"4\" cols=\"50\" id=\"message-7d6c\" name=\"message\" class=\"u-input wpcf7-form-control u-input-rectangle\" required=\"\"><\/textarea>\n            <\/div>\n            <p class=\"u-form-group wpcf7-form-control-wrap u-form-text u-label-top u-text u-text-3\"> Vous \u00eates<\/p>\n            <div class=\"u-form-group wpcf7-form-control-wrap u-form-partition-factor-3 u-form-select u-label-top u-form-group wpcf7-form-control-wrap-10\">\n              <label for=\"select-0010\" class=\"u-label u-label-8\"><b>Civilit\u00e9<\/b>\n              <\/label>\n              <div class=\"u-form-select-wrapper\">\n                <select id=\"select-0010\" name=\"civil_2\" class=\"u-input wpcf7-form-control u-input-rectangle\">\n                  <option value=\"Mme\" data-calc=\"\">Mme<\/option>\n                  <option value=\"Mr\" data-calc=\"\">Mr<\/option>\n                <\/select>\n                <svg class=\"u-caret u-caret-svg\" version=\"1.1\" id=\"Layer_1\" xmlns=\"http:\/\/www.w3.org\/2000\/svg\" xmlns:xlink=\"http:\/\/www.w3.org\/1999\/xlink\" x=\"0px\" y=\"0px\" width=\"16px\" height=\"16px\" viewBox=\"0 0 16 16\" style=\"fill:currentColor;\" xml:space=\"preserve\"><polygon class=\"st0\" points=\"8,12 2,4 14,4 \"><\/polygon><\/svg>\n              <\/div>\n            <\/div>\n            <div class=\"u-form-group wpcf7-form-control-wrap u-form-name u-form-partition-factor-3 u-label-top u-form-group wpcf7-form-control-wrap-11\">\n              <label for=\"name-3a14\" class=\"u-label u-label-9\"><b>Nom *<\/b>\n              <\/label>\n              <input type=\"text\" placeholder=\"Saisir votre Nom\" id=\"name-3a14\" name=\"mandant\" class=\"u-input wpcf7-form-control u-input-rectangle\" required=\"\">\n            <\/div>\n            <div class=\"u-form-group wpcf7-form-control-wrap u-form-name u-form-partition-factor-3 u-label-top u-form-group wpcf7-form-control-wrap-12\">\n              <label for=\"name-3a14\" class=\"u-label u-label-10\"><b>Pr\u00e9nom<\/b>\n              <\/label>\n              <input type=\"text\" placeholder=\"Saisir votre Pr\u00e9nom\" id=\"name-3a14\" name=\"mandant_p\" class=\"u-input wpcf7-form-control u-input-rectangle\">\n            <\/div>\n            <div class=\"u-form-group wpcf7-form-control-wrap u-form-partition-factor-2 u-form-phone u-label-top u-form-group wpcf7-form-control-wrap-13\">\n              <label for=\"phone-76de\" class=\"u-label u-label-11\"><b>T\u00e9l\u00e9phone<\/b>\n              <\/label>\n              <input type=\"tel\" placeholder=\"06 12 34 56 78\" id=\"phone-76de\" name=\"mandant_phone\" class=\"u-input wpcf7-form-control u-input-rectangle\" data-country-code=\"fr\">\n            <\/div>\n            <div class=\"u-form-email u-form-group wpcf7-form-control-wrap u-form-partition-factor-2 u-label-top u-form-group wpcf7-form-control-wrap-14\">\n              <label for=\"email-6cf6\" class=\"u-label u-label-12\"><b>Courriel<\/b>\n              <\/label>\n              <input type=\"email\" placeholder=\"Saisir une adresse mail valide\" id=\"email-6cf6\" name=\"mandant_email\" class=\"u-input wpcf7-form-control u-input-rectangle\" required=\"\">\n            <\/div>\n            <div class=\"u-form-file-upload u-form-group wpcf7-form-control-wrap u-label-top u-form-group wpcf7-form-control-wrap-15\">\n              <label for=\"file-upload-53d7\" class=\"u-label u-label-13\"><b> Vous pouvez nous envoyer des fichiersFichier<\/b>\n              <\/label>\n              <div class=\"u-file-input-wrapper\">\n                <a class=\"u-btn u-button-style u-upload-button\">T\u00e9l\u00e9verser un fichier<\/a>\n                <div class=\"u-file-list\">\n                  <div class=\"u-file-item u-file-template\">\n                    <span class=\"u-file-name u-text\">FileExample.pdf<\/span><span class=\"u-file-remove u-icon u-text-grey-30 u-icon-1\"><svg class=\"u-svg-link\" preserveAspectRatio=\"xMidYMin slice\" viewBox=\"0 0 51.976 51.976\" style=\"\"><use xlink:href=\"#svg-1aa9\"><\/use><\/svg><svg class=\"u-svg-content\" viewBox=\"0 0 51.976 51.976\" x=\"0px\" y=\"0px\" id=\"svg-1aa9\" style=\"enable-background:new 0 0 51.976 51.976;\"><g><path d=\"M44.373,7.603c-10.137-10.137-26.632-10.138-36.77,0c-10.138,10.138-10.137,26.632,0,36.77s26.632,10.138,36.77,0\n\t\tC54.51,34.235,54.51,17.74,44.373,7.603z M36.241,36.241c-0.781,0.781-2.047,0.781-2.828,0l-7.425-7.425l-7.778,7.778\n\t\tc-0.781,0.781-2.047,0.781-2.828,0c-0.781-0.781-0.781-2.047,0-2.828l7.778-7.778l-7.425-7.425c-0.781-0.781-0.781-2.048,0-2.828\n\t\tc0.781-0.781,2.047-0.781,2.828,0l7.425,7.425l7.071-7.071c0.781-0.781,2.047-0.781,2.828,0c0.781,0.781,0.781,2.047,0,2.828\n\t\tl-7.071,7.071l7.425,7.425C37.022,34.194,37.022,35.46,36.241,36.241z\"><\/path>\n<\/g><\/svg><\/span>\n                  <\/div>\n                <\/div>\n                <p class=\"u-file-max u-text u-text-grey-30 u-text-5\">Taille maximale du fichier : 10&nbsp;Mo<\/p>\n                <span class=\"u-file-group wpcf7-form-control-wrap file\">\n                  <input type=\"file\" id=\"file-upload-53d7\" name=\"file\" class=\"u-border-1 u-border-grey-30 u-input wpcf7-form-control u-input-rectangle u-white\" accept=\".jpg,.jpeg,.png,.gif\">\n                <\/span>\n              <\/div>\n            <\/div>\n            <div class=\"u-form-agree u-form-group wpcf7-form-control-wrap u-label-top u-form-group wpcf7-form-control-wrap-16\">\n              <label class=\"u-block-0647-56 u-field-label\" style=\"\"><\/label>\n              <input type=\"checkbox\" id=\"agree-f4c6\" name=\"agree-1\" value=\"1\" class=\"u-agree-checkbox wpcf7-form-control u-field-input\" required=\"\">\n              <label for=\"agree-f4c6\" class=\"u-field-label\">J'accepte les conditions d'utilisation<\/label>\n            <\/div>\n            <div class=\"u-align-left u-form-group wpcf7-form-control-wrap u-form-submit wpcf7-form-control u-label-top\">\n              <input type=\"submit\" value=\"submit\" class=\"u-form-control-hidden\">\n              <a href=\"#\" class=\"u-btn u-btn-submit wpcf7-submit u-button-style\">Soumettre<\/a>\n            <\/div>\n            <div class=\"u-form-send-message u-form-send-success\"> Merci ! Votre message a \u00e9t\u00e9 envoy\u00e9. <\/div>\n            <div class=\"u-form-send-error u-form-send-message\"> Impossible d'envoyer votre message. Merci de corriger les erreurs et r\u00e9essayer. <\/div>\n            <input type=\"hidden\" value=\"\" name=\"recaptchaResponse\">\n          <input type=\"hidden\" name=\"_contact7_backend\" value=\"1\"><p style=\"display: none !important;\" class=\"akismet-fields-container\" data-prefix=\"_wpcf7_ak_\"><label>&#916;<textarea name=\"_wpcf7_ak_hp_textarea\" cols=\"45\" rows=\"8\" maxlength=\"100\"><\/textarea><\/label><input type=\"hidden\" id=\"ak_js_1\" name=\"_wpcf7_ak_js\" value=\"26\"\/><script>document.getElementById( \"ak_js_1\" ).setAttribute( \"value\", ( new Date() ).getTime() );<\/script><\/p><div class=\"wpcf7-response-output\" aria-hidden=\"true\"><\/div>\n<\/form>\n<\/div>\n\n        <\/div>\n      <\/div>\n    <\/section>\n    \n    \n    \n  \n","protected":false},"excerpt":{"rendered":"<p>compl\u00e9tez ce formulaire un devis vous sera tr\u00e8s rapidement propos\u00e9. Vous souhaitez un devis pour : * Un d\u00e9c\u00e8s Admission en chambre fun\u00e9raire Pr\u00e9voyance fun\u00e9raire Autre Votre demande concerne * Une inhumation Une cr\u00e9mation Transport Autre Lieu du d\u00e9c\u00e8s : * Domicile H\u00f4pital EHPAD Autre La personne concern\u00e9e Civilit\u00e9 Mme Mr Nom * Pr\u00e9nom * &hellip; <a href=\"https:\/\/pompesfunebrestoulon.com\/la-valette\/obtenir-un-devis\/\" class=\"more-link\">Continue reading<span class=\"screen-reader-text\"> \u00ab\u00a0Devis obs\u00e8ques\u00a0\u00bb<\/span><\/a><\/p>\n","protected":false},"author":1,"featured_media":0,"parent":0,"menu_order":0,"comment_status":"closed","ping_status":"closed","template":"","meta":{"footnotes":""},"class_list":["post-47","page","type-page","status-publish","hentry"],"yoast_head":"<!-- This site is optimized with the Yoast SEO plugin v27.4 - https:\/\/yoast.com\/product\/yoast-seo-wordpress\/ -->\n<title>Devis obs\u00e8ques - PF DE FRANCE - LA VALETTE du VAR<\/title>\n<meta name=\"robots\" content=\"index, follow, max-snippet:-1, max-image-preview:large, max-video-preview:-1\" \/>\n<link rel=\"canonical\" href=\"https:\/\/pompesfunebrestoulon.com\/la-valette\/obtenir-un-devis\/\" \/>\n<meta property=\"og:locale\" content=\"fr_FR\" \/>\n<meta property=\"og:type\" content=\"article\" \/>\n<meta property=\"og:title\" content=\"Devis obs\u00e8ques - PF DE FRANCE - LA VALETTE du VAR\" \/>\n<meta property=\"og:description\" content=\"compl\u00e9tez ce formulaire un devis vous sera tr\u00e8s rapidement propos\u00e9. Vous souhaitez un devis pour : * Un d\u00e9c\u00e8s Admission en chambre fun\u00e9raire Pr\u00e9voyance fun\u00e9raire Autre Votre demande concerne * Une inhumation Une cr\u00e9mation Transport Autre Lieu du d\u00e9c\u00e8s : * Domicile H\u00f4pital EHPAD Autre La personne concern\u00e9e Civilit\u00e9 Mme Mr Nom * Pr\u00e9nom * &hellip; Continue reading &quot;Devis obs\u00e8ques&quot;\" \/>\n<meta property=\"og:url\" content=\"https:\/\/pompesfunebrestoulon.com\/la-valette\/obtenir-un-devis\/\" \/>\n<meta property=\"og:site_name\" content=\"PF DE FRANCE - LA VALETTE du VAR\" \/>\n<meta property=\"article:modified_time\" content=\"2024-02-17T18:26:14+00:00\" \/>\n<meta name=\"twitter:card\" content=\"summary_large_image\" \/>\n<meta name=\"twitter:label1\" content=\"Dur\u00e9e de lecture estim\u00e9e\" \/>\n\t<meta name=\"twitter:data1\" content=\"1 minute\" \/>\n<script type=\"application\/ld+json\" class=\"yoast-schema-graph\">{\"@context\":\"https:\\\/\\\/schema.org\",\"@graph\":[{\"@type\":\"WebPage\",\"@id\":\"https:\\\/\\\/pompesfunebrestoulon.com\\\/la-valette\\\/obtenir-un-devis\\\/\",\"url\":\"https:\\\/\\\/pompesfunebrestoulon.com\\\/la-valette\\\/obtenir-un-devis\\\/\",\"name\":\"Devis obs\u00e8ques - PF DE FRANCE - LA VALETTE du VAR\",\"isPartOf\":{\"@id\":\"https:\\\/\\\/pompesfunebrestoulon.com\\\/la-valette\\\/#website\"},\"datePublished\":\"2022-02-09T10:51:54+00:00\",\"dateModified\":\"2024-02-17T18:26:14+00:00\",\"breadcrumb\":{\"@id\":\"https:\\\/\\\/pompesfunebrestoulon.com\\\/la-valette\\\/obtenir-un-devis\\\/#breadcrumb\"},\"inLanguage\":\"fr-FR\",\"potentialAction\":[{\"@type\":\"ReadAction\",\"target\":[\"https:\\\/\\\/pompesfunebrestoulon.com\\\/la-valette\\\/obtenir-un-devis\\\/\"]}]},{\"@type\":\"BreadcrumbList\",\"@id\":\"https:\\\/\\\/pompesfunebrestoulon.com\\\/la-valette\\\/obtenir-un-devis\\\/#breadcrumb\",\"itemListElement\":[{\"@type\":\"ListItem\",\"position\":1,\"name\":\"Accueil\",\"item\":\"https:\\\/\\\/pompesfunebrestoulon.com\\\/la-valette\\\/\"},{\"@type\":\"ListItem\",\"position\":2,\"name\":\"Devis obs\u00e8ques\"}]},{\"@type\":\"WebSite\",\"@id\":\"https:\\\/\\\/pompesfunebrestoulon.com\\\/la-valette\\\/#website\",\"url\":\"https:\\\/\\\/pompesfunebrestoulon.com\\\/la-valette\\\/\",\"name\":\"PF DE FRANCE - LA VALETTE du VAR\",\"description\":\"Une entreprise familliale depuis 40 ans\",\"publisher\":{\"@id\":\"https:\\\/\\\/pompesfunebrestoulon.com\\\/la-valette\\\/#organization\"},\"potentialAction\":[{\"@type\":\"SearchAction\",\"target\":{\"@type\":\"EntryPoint\",\"urlTemplate\":\"https:\\\/\\\/pompesfunebrestoulon.com\\\/la-valette\\\/?s={search_term_string}\"},\"query-input\":{\"@type\":\"PropertyValueSpecification\",\"valueRequired\":true,\"valueName\":\"search_term_string\"}}],\"inLanguage\":\"fr-FR\"},{\"@type\":\"Organization\",\"@id\":\"https:\\\/\\\/pompesfunebrestoulon.com\\\/la-valette\\\/#organization\",\"name\":\"PF DE FRANCE - LA VALETTE du VAR\",\"url\":\"https:\\\/\\\/pompesfunebrestoulon.com\\\/la-valette\\\/\",\"logo\":{\"@type\":\"ImageObject\",\"inLanguage\":\"fr-FR\",\"@id\":\"https:\\\/\\\/pompesfunebrestoulon.com\\\/la-valette\\\/#\\\/schema\\\/logo\\\/image\\\/\",\"url\":\"https:\\\/\\\/pompesfunebrestoulon.com\\\/la-valette\\\/wp-content\\\/uploads\\\/sites\\\/2\\\/2022\\\/02\\\/logo.png\",\"contentUrl\":\"https:\\\/\\\/pompesfunebrestoulon.com\\\/la-valette\\\/wp-content\\\/uploads\\\/sites\\\/2\\\/2022\\\/02\\\/logo.png\",\"width\":209,\"height\":207,\"caption\":\"PF DE FRANCE - LA VALETTE du VAR\"},\"image\":{\"@id\":\"https:\\\/\\\/pompesfunebrestoulon.com\\\/la-valette\\\/#\\\/schema\\\/logo\\\/image\\\/\"}}]}<\/script>\n<!-- \/ Yoast SEO plugin. -->","yoast_head_json":{"title":"Devis obs\u00e8ques - PF DE FRANCE - LA VALETTE du VAR","robots":{"index":"index","follow":"follow","max-snippet":"max-snippet:-1","max-image-preview":"max-image-preview:large","max-video-preview":"max-video-preview:-1"},"canonical":"https:\/\/pompesfunebrestoulon.com\/la-valette\/obtenir-un-devis\/","og_locale":"fr_FR","og_type":"article","og_title":"Devis obs\u00e8ques - PF DE FRANCE - LA VALETTE du VAR","og_description":"compl\u00e9tez ce formulaire un devis vous sera tr\u00e8s rapidement propos\u00e9. Vous souhaitez un devis pour : * Un d\u00e9c\u00e8s Admission en chambre fun\u00e9raire Pr\u00e9voyance fun\u00e9raire Autre Votre demande concerne * Une inhumation Une cr\u00e9mation Transport Autre Lieu du d\u00e9c\u00e8s : * Domicile H\u00f4pital EHPAD Autre La personne concern\u00e9e Civilit\u00e9 Mme Mr Nom * Pr\u00e9nom * &hellip; Continue reading \"Devis obs\u00e8ques\"","og_url":"https:\/\/pompesfunebrestoulon.com\/la-valette\/obtenir-un-devis\/","og_site_name":"PF DE FRANCE - LA VALETTE du VAR","article_modified_time":"2024-02-17T18:26:14+00:00","twitter_card":"summary_large_image","twitter_misc":{"Dur\u00e9e de lecture estim\u00e9e":"1 minute"},"schema":{"@context":"https:\/\/schema.org","@graph":[{"@type":"WebPage","@id":"https:\/\/pompesfunebrestoulon.com\/la-valette\/obtenir-un-devis\/","url":"https:\/\/pompesfunebrestoulon.com\/la-valette\/obtenir-un-devis\/","name":"Devis obs\u00e8ques - PF DE FRANCE - LA VALETTE du VAR","isPartOf":{"@id":"https:\/\/pompesfunebrestoulon.com\/la-valette\/#website"},"datePublished":"2022-02-09T10:51:54+00:00","dateModified":"2024-02-17T18:26:14+00:00","breadcrumb":{"@id":"https:\/\/pompesfunebrestoulon.com\/la-valette\/obtenir-un-devis\/#breadcrumb"},"inLanguage":"fr-FR","potentialAction":[{"@type":"ReadAction","target":["https:\/\/pompesfunebrestoulon.com\/la-valette\/obtenir-un-devis\/"]}]},{"@type":"BreadcrumbList","@id":"https:\/\/pompesfunebrestoulon.com\/la-valette\/obtenir-un-devis\/#breadcrumb","itemListElement":[{"@type":"ListItem","position":1,"name":"Accueil","item":"https:\/\/pompesfunebrestoulon.com\/la-valette\/"},{"@type":"ListItem","position":2,"name":"Devis obs\u00e8ques"}]},{"@type":"WebSite","@id":"https:\/\/pompesfunebrestoulon.com\/la-valette\/#website","url":"https:\/\/pompesfunebrestoulon.com\/la-valette\/","name":"PF DE FRANCE - LA VALETTE du VAR","description":"Une entreprise familliale depuis 40 ans","publisher":{"@id":"https:\/\/pompesfunebrestoulon.com\/la-valette\/#organization"},"potentialAction":[{"@type":"SearchAction","target":{"@type":"EntryPoint","urlTemplate":"https:\/\/pompesfunebrestoulon.com\/la-valette\/?s={search_term_string}"},"query-input":{"@type":"PropertyValueSpecification","valueRequired":true,"valueName":"search_term_string"}}],"inLanguage":"fr-FR"},{"@type":"Organization","@id":"https:\/\/pompesfunebrestoulon.com\/la-valette\/#organization","name":"PF DE FRANCE - LA VALETTE du VAR","url":"https:\/\/pompesfunebrestoulon.com\/la-valette\/","logo":{"@type":"ImageObject","inLanguage":"fr-FR","@id":"https:\/\/pompesfunebrestoulon.com\/la-valette\/#\/schema\/logo\/image\/","url":"https:\/\/pompesfunebrestoulon.com\/la-valette\/wp-content\/uploads\/sites\/2\/2022\/02\/logo.png","contentUrl":"https:\/\/pompesfunebrestoulon.com\/la-valette\/wp-content\/uploads\/sites\/2\/2022\/02\/logo.png","width":209,"height":207,"caption":"PF DE FRANCE - LA VALETTE du VAR"},"image":{"@id":"https:\/\/pompesfunebrestoulon.com\/la-valette\/#\/schema\/logo\/image\/"}}]}},"_links":{"self":[{"href":"https:\/\/pompesfunebrestoulon.com\/la-valette\/wp-json\/wp\/v2\/pages\/47","targetHints":{"allow":["GET"]}}],"collection":[{"href":"https:\/\/pompesfunebrestoulon.com\/la-valette\/wp-json\/wp\/v2\/pages"}],"about":[{"href":"https:\/\/pompesfunebrestoulon.com\/la-valette\/wp-json\/wp\/v2\/types\/page"}],"author":[{"embeddable":true,"href":"https:\/\/pompesfunebrestoulon.com\/la-valette\/wp-json\/wp\/v2\/users\/1"}],"replies":[{"embeddable":true,"href":"https:\/\/pompesfunebrestoulon.com\/la-valette\/wp-json\/wp\/v2\/comments?post=47"}],"version-history":[{"count":2,"href":"https:\/\/pompesfunebrestoulon.com\/la-valette\/wp-json\/wp\/v2\/pages\/47\/revisions"}],"predecessor-version":[{"id":201,"href":"https:\/\/pompesfunebrestoulon.com\/la-valette\/wp-json\/wp\/v2\/pages\/47\/revisions\/201"}],"wp:attachment":[{"href":"https:\/\/pompesfunebrestoulon.com\/la-valette\/wp-json\/wp\/v2\/media?parent=47"}],"curies":[{"name":"wp","href":"https:\/\/api.w.org\/{rel}","templated":true}]}}